(4 + -1)/(27/(-18)). Let a = 3 + c. List the prime factors of (a/(-3))/(3/(-198)).
2, 11
Let r(c) = -52*c**2 - 1. Let s be r(1). Let d = s + 96. What are the prime factors of d?
43
Suppose 10*q = -q. List the prime factors of q - ((1 - 77) + (-2)/(-1)).
2, 37
Suppose 0 = -a - 4*o + 16, 2*a - o - 5 = -0*a. Suppose 45 + 51 = a*f. Suppose 3*u + 0*u + 3*k - f = 0, -k + 35 = 4*u. What are the prime factors of u?
3
Suppose 0 = 2*h - 17 + 153. Let s = h + 110. What are the prime factors of s?
2, 3, 7
Suppose 41*r + 3088 = 49*r. List the prime factors of r.
2, 193
Let q(k) = 2*k**3 - 7*k**2 + 36*k - 91. List the prime factors of q(8).
773
Let t be 4048/5*45/(-6). Let v be t/84 - (-4)/14. What are the prime factors of v/(-16) - 1/(-2)?
5
Let y = -249 - -1112. List the prime factors of y.
863
Suppose 0*y = 2*y - 8, 0 = 3*o + 3*y - 18. Suppose 122 + 6 = o*k. List the prime factors of k.
2
Let m(c) = 19*c**2 - 30*c - 276. What are the prime factors of m(-9)?
3, 7, 73
Let r(q) = 3*q**2 + 18*q - 198. What are the prime factors of r(30)?
2, 3, 13
Suppose 40 = 10*l - 350. Let a = l + 31. List the prime factors of a.
2, 5, 7
Let o = -15 - -18. Suppose o*i - 5*w + 3 = 0, 4*w - 44 = -5*i - 12. Suppose 0 = -i*z + 12, 5*z - 7 = 4*d - 116. What are the prime factors of d?
31
Suppose 0 = -k + 2*q + 490, -2*q + 590 = k + 120. Suppose -5*a - 7*a + k = 0. List the prime factors of a.
2, 5
What are the prime factors of ((-9502)/(-8))/((27/12)/9)?
4751
Suppose -2*z - 39 = 5*w, 0*z - 13 = 3*w - 4*z. Let u = w - -4. Let r(a) = -a**2 - 5*a + 3. List the prime factors of r(u).
3
Let o = -245 + 367. Let y = -82 + o. List the prime factors of (216/y)/((-1)/(-5)).
3
Suppose -7*a + 2063 + 8052 = 0. What are the prime factors of a?
5, 17
Let w(c) = -7*c - 12. Let z(q) = 4*q + 6. Let n(k) = 3*w(k) + 5*z(k). Let y be n(-8). List the prime factors of 52/y*(-2)/(-4).
13
Let m = 337 - 92. Suppose -12*x + 1745 = m. What are the prime factors of x?
5
Let k(d) = -45*d + 51. List the prime factors of k(-3).
2, 3, 31
Let t be 52/10 + 3/(-15). Suppose -50 = -3*j - 4*w + 26, t*j - 150 = -2*w. Suppose -4*o + z = -0*o - 116, -o + j = -z. List the prime factors of o.
2, 7
Let w = 5667 - 2663. List the prime factors of w.
2, 751
Suppose 0 = -4*c - 5*k + 18, -c = -4*c + 3*k. Suppose -3*o + 3 = -3*j - 9, -4*j = -c*o + 12. List the prime factors of o.
2
Let u = 887 - 1329. List the prime factors of u/(-3) - 3/9.
3, 7
Suppose 9*k = 12*k + 3*f - 3321, 3*k = -4*f + 3318. What are the prime factors of k?
2, 3, 5, 37
Suppose -5*r = 20 - 10. List the prime factors of ((-32)/10 - r)*260/(-39).
2
Let s(i) = i**3 + 4*i**2 - i - 7. Let k be s(-4). Let u(w) = -w**3 - w**2 - w + 7. What are the prime factors of u(k)?
2, 7
Let h = -554 - -1716. What are the prime factors of h?
2, 7, 83
Suppose 7*x - 12*x + 2*f = -1188, x = -5*f + 216. List the prime factors of x.
2, 59
Suppose -f = -4*f + 585. What are the prime factors of f?
3, 5, 13
Let v be (-5 + 4 - 1)/(-1). Suppose 2*d - v*c = d + 10, -5*d = -3*c - 29. List the prime factors of ((-705)/(-30))/(2/d).
47
Let w = -667 + 1147. List the prime factors of w.
2, 3, 5
Let x(m) = -38*m + 6. Let f be x(3). Let i = f - -179. What are the prime factors of i?
71
Let x = -1393 - -1900. What are the prime factors of x?
3, 13
Suppose -3*l = -5*l + 24. Suppose 0 = l*j - 5*j - 1246. List the prime factors of j.
2, 89
Suppose 5*f + d + 3*d - 11 = 0, -3*d - 9 = -2*f. Suppose 132 = 3*i - f*o, 3*o + 94 + 79 = 4*i. List the prime factors of i.
41
Suppose 8003 = 5*x - 2*k + 361, 4*x + 5*k - 6140 = 0. What are the prime factors of x?
2, 3, 5, 17
Let v be (-2 + -8)*7/(-14). Suppose v*s - 6 = 4. Suppose 0 = -6*p + s*p + 104. List the prime factors of p.
2, 13
Let a be (6/(-2))/((-3)/(-1239)*7). Let o = a + 312. List the prime factors of o.
3, 5
Suppose -6508 + 1954 = -9*t. List the prime factors of t.
2, 11, 23
Suppose 9*v - 17023 = -607. List the prime factors of v.
2, 3, 19
Let n be ((-936)/91)/((-4)/42). Suppose v = n + 6. What are the prime factors of v?
2, 3, 19
Let d be (-3 - 0)*(-20)/15. Suppose -7*w + 12 = -d*w. Suppose r = -w*r - 3*g + 244, r - 2*g - 54 = 0. What are the prime factors of r?
2, 5
Let c(q) = -q**3 - 22*q**2 - 40*q - 32. List the prime factors of c(-21).
367
Let o be (-2031 - 0)/3 - 2. Let a be 2/9 - o/63. Let k = a - 4. What are the prime factors of k?
7
Let u(p) = 3*p**3 + 4*p**2 - 3*p - 1. List the prime factors of u(6).
773
Let l(c) = -2*c + c + 4 + 0*c. Suppose 3*g = b - 6 + 23, 4*b - 5*g = -61. What are the prime factors of l(b)?
2, 3
Suppose -7*u + 1968 = -867. Suppose -16*w = -11*w - u. What are the prime factors of w?
3
Let b be (-32)/(-18) + 2/9. Let j(m) = 2 + 3*m - 1 - m - m**b - 8*m. List the prime factors of j(-5).
2, 3
Suppose -5*x = -3*i - 7, 2*x + 4 = 3*i + 5. Suppose 0 = x*a - 64 - 12. What are the prime factors of (a/(-2))/((-3)/3)?
19
Suppose -j + p + 1723 = 0, 3*j + p = -387 + 5548. What are the prime factors of j?
1721
Let m = -200 + 318. Suppose -3*z = n - m - 50, 688 = 4*n - 4*z. What are the prime factors of n?
3, 19
Let a = 50 + -74. Let p = -21 - a. Suppose 6*z = 5*z - 4*t + 16, -4*z = p*t - 77. List the prime factors of z.
2, 5
Let h = -3413 - -5845. List the prime factors of h.
2, 19
Let p(i) = i**3 - 6*i**2 + 4*i. Let d be p(5). Let t = d - -2. List the prime factors of (t/5)/(1/(-15)).
3
Let m(j) = 2*j + 24. Let d(a) = a + 8. Let n(t) = 11*d(t) - 4*m(t). List the prime factors of n(15).
37
Suppose 4 = -4*b + 36. Let g(t) = 2*t**2 - 5*t - 15. List the prime factors of g(b).
73
Suppose -14*p - 23*p + 57720 = 0. List the prime factors of p.
2, 3, 5, 13
Suppose 2*k - 3*n - 2078 = 0, 3*n - 3147 = 4*k - 7*k. What are the prime factors of k?
5, 11, 19
Suppose 31*b + 12690 = 41*b. What are the prime factors of b?
3, 47
List the prime factors of 37349/52 + 3*2/8.
719
Let f(r) = -r**3 + 6*r**2 - 6*r + 12. Let j be f(5). Let i = j + 21. What are the prime factors of (-2 - i)*(-12)/9?
2, 5
Suppose c - 3*d - 764 = 0, -2*c - 65*d + 69*d = -1534. List the prime factors of c.
773
Suppose 9 = 2*m - 3. Let p(d) = -4 - 4*d - 4 - m*d + 1. What are the prime factors of p(-4)?
3, 11
Let b(r) = r**2 + 12*r + 4. Let d(a) = a**2 + a - 12. Let t be d(0). Let i be b(t). Suppose 0 = i*z + 3*m - 100, 6*m - 4*m - 8 = 0. List the prime factors of z.
2, 11
Let b = 64 - -383. What are the prime factors of b?
3, 149
Suppose 60 = 4*j - 0*j. Suppose -c - j = -2*c - 3*b, 0 = -4*c - b + 38. List the prime factors of ((-42)/9)/((-3)/c).
2, 7
Suppose -3*a = 15, 4*a + 24 = v - 1. Suppose 10 = -5*t - 0*o - v*o, 2*t - 31 = 5*o. Suppose -5*m + 30 = k, k + t*k = -5*m + 75. What are the prime factors of k?
3, 5
Let q be (-32)/40*(-5)/2. Let d(o) = 14*o. Let k be d(q). Let v = -20 + k. What are the prime factors of v?
2
Let o be 1 - 36/15 - 4/(-10). Let s(r) = 12*r**2 - 3*r - 3. List the prime factors of s(o).
2, 3
Suppose 5*w = -2*d + 26, -d + 2*w - 2 = d. Suppose d*b = -0*b + 6. Suppose 4*t + b*y - 62 = 0, -t = 4*y - 0*y + 2. What are the prime factors of t?
2, 3
Let z be 3/(-7) - 1710/(-70). List the prime factors of (-5364)/(-42) + (z/(-21))/(-4).
2
List the prime factors of (-1432)/(-1) - (-10)/(1 + -3).
1427
Let w(a) = -29*a + 3. Let g(t) = -t**3 + 14*t**2 - 12*t - 15. Let i be g(13). List the prime factors of w(i).
61
Let d be (-10)/(2 + 9/(-6)). Let o = d - -46. What are the prime factors of o/(1 + 1 + -1)?
2, 13
Let c = 27 + -27. Suppose -2*p - 8 = 4*x, 3*p - 2*x + 3*x - 8 = c. Suppose -3*f + 0*b = -b - 70, -88 = -4*f - p*b. What are the prime factors of f?
23
List the prime factors of ((-2)/6)/(8*13/(-200616)).
643
Suppose 0 = -13*b + 18*b + 25. Let t = b + 37. Suppose a - t = -3*a. List the prime factors of a.
2
Suppose 0 = -7*w + 5*w. Suppose -f + 2*z = -w*z - 58, f = 3*z + 53. What are the prime factors of f?
2, 17
Let w(x) = -x**2 - 15*x - 16. Let g(f) = 11*f - 1. Let o be g(-1). Let d be w(o). Suppose 4*y - 2*s = 94, -y + 16 = 2*s - d. What are the prime factors of y?
2, 13
List the prime factors of 5/((-45)/219)*-27.
3, 73
Let l = 1462 - 430. List the prime factors of l.
2, 3, 43
Suppose -n - 42 = 2*n. List the prime factors of ((-24)/(-14))/((-3)/n).
2
Let v be -6 - 12/(-3)*-1. Let a be (76/v)/((-9)/45). Suppose 2*l = -a + 132. What are the prime factors 